t f(p) = -2 + p**3 + 6*p**2 - 2*p + p + 3 + 4*p. Let a be f(-5). What is the highest common factor of a and 66?
11
Let p = -2 + -5. Let l(w) = -w - 7. Let x be l(p). Let b be 13 + -2 + (x - -2). What is the highest common factor of 65 and b?
13
Suppose -4*d + 16 = 3*s - 5*s, -8 = 4*s. Suppose 0 = -d*x + 3*h, -3*h = 3*x - 0*x - 6. Let v = 3 + x. What is the highest common factor of v and 8?
4
Let r(f) = 6*f + 1. Let i be r(1). Let x = i + 5. What is the greatest common divisor of 48 and x?
12
Suppose 3*x - 5*a - 1 = 0, -40 = -4*x - 5*a + 2*a. Let j = x - 4. Let t = 7 + j. What is the highest common factor of t and 2?
2
Let t(b) = b**2 - 8 - 3*b + 5*b - 5*b + 0*b. Let q be t(6). Suppose 0 = -5*z + 17 + 8, -5*z = -5*y + 425. What is the greatest common divisor of q and y?
10
Suppose 2*r + 5*x = 26, -x + 3 - 5 = 0. Calculate the greatest common factor of r and 24.
6
Let k = -170 + 242. Calculate the highest common divisor of k and 9.
9
Let u be 0 + ((-36)/(-3))/(-1). Let i be u/((20/72)/(-5)). Calculate the highest common divisor of 27 and i.
27
Let a be -2 - (-2)/(-4)*-2. Let d be (-1*(a - -3))/1. Let j be (-1)/((-21)/10 - d). What is the highest common divisor of j and 30?
10
Let i(k) = 2*k + 0*k - 4*k. Let v be i(1). Let w be (-166)/(-8) - v/8. What is the highest common factor of w and 7?
7
Let j(r) = r**3 - r + 1. Let w(y) = -5*y**3 - 7*y**2 + 7*y - 9. Let c(k) = -6*j(k) - w(k). Let q be c(6). Calculate the highest common divisor of 11 and q.
11
Suppose -3*j - 4 = -2*c, 5*j - c - 2*c + 5 = 0. Suppose -6 - 22 = -j*v. Suppose -2*o = -v - 6. Calculate the greatest common factor of o and 10.
10
Let w(p) = p**2 + 9*p - 6. Let g be w(-8). Let r be (4/5)/(g/(-3465)). Calculate the highest common divisor of 18 and r.
18
Suppose -2*b - 4*z = -158, z + 67 = b - 3*z. Suppose j = 6*j - b. Calculate the greatest common divisor of 3 and j.
3
Let b be 1 - (-55 - -2*1). Let y be 2/3*(-153)/(-6). Suppose y = u + 4*m, -3*m + 31 = 3*u - m. Calculate the highest common factor of u and b.
9
Let f = 23 + -16. What is the highest common divisor of f and 77?
7
Suppose -4*j - 2*m + 90 = 0, -68 = -3*j + m - 3*m. Let y(b) = -8*b + 3. Let p be y(-8). Let a = p + -12. Calculate the greatest common divisor of j and a.
11
Suppose 0*x = x - 33. Suppose 3*u - 2*u = x. What is the highest common factor of u and 132?
33
Suppose -1 = -5*s + 2*h + 24, -3*h - 18 = -s. Suppose -s*t + t + 54 = 0. Calculate the greatest common factor of 9 and t.
9
Let r(w) = w**3 + 6*w**2 + 11*w + 14. Let u be r(-4). What is the highest common divisor of u and 16?
2
Let f(t) = -2*t**2 + 5*t - 6. Let i be f(4). Let g = 63 - i. What is the greatest common divisor of 9 and g?
9
Suppose -o - 5*d - 6 = -4*o, 0 = -4*d - 12. Let f = o + 7. What is the highest common factor of 36 and f?
4
Suppose -10 = 5*y, -3*b = y + 224 + 186. Let v = 212 + b. Calculate the greatest common divisor of 19 and v.
19
Let r = -45 + 56. Calculate the highest common factor of r and 121.
11
Let o = 93 - 8. Suppose -o = -k - 34. Let v = k + 24. Calculate the greatest common divisor of 30 and v.
15
Suppose -3*k + 58 = -5*c - 110, -2*c - 64 = -2*k. Let j = c + 64. Suppose 4*d = 2*i - 26, 0*i - 5*d = 3*i - j. What is the greatest common factor of i and 55?
11
Let a = -91 + 145. Suppose 6*u = 5*u + a. What is the greatest common divisor of u and 6?
6
Let l(q) = 3*q**2 + 8*q - 2. Let i(a) = 7*a**2 + 16*a - 3. Let r(y) = 2*i(y) - 5*l(y). Let t be r(-4). Calculate the highest common divisor of t and 160.
20
Let s be (-39)/6*2*-1. What is the greatest common divisor of 39 and s?
13
Suppose 5*l - 95 = -5*i, -2*i + 4*i + 3*l - 40 = 0. Calculate the highest common divisor of i and 34.
17
Let q = 64 - 63. What is the highest common factor of q and 5?
1
Let i = -39 - -57. Calculate the highest common divisor of 9 and i.
9
Suppose 3*r - r = 40. Suppose 6*k = k + r. What is the highest common factor of 44 and k?
4
Let x = -17 + 29. Let a = -1 - -25. Calculate the greatest common factor of x and a.
12
Let v be (-6)/8 - 1477/(-28). Let u be v/(((-32)/12)/(-4)). Let s be 24*1 + (2 - 0). Calculate the greatest common factor of s and u.
26
Suppose 0*z = 4*z - 72. Let w(b) = 92*b - b**2 - 99*b - 4 - 4. Let h be w(-5). What is the highest common factor of h and z?
2
Suppose 3*w - 5*w = -286. Let h = w + -59. Suppose 4*b - 2*b = 5*i - 58, 3*i - 3*b - 33 = 0. What is the greatest common factor of i and h?
12
Let y = -78 + 151. Suppose 6*v = v - u + y, -3*u = v - 23. Calculate the highest common factor of v and 28.
14
Suppose h - 3*h + 60 = 0. Calculate the greatest common divisor of 30 and h.
30
Let z(i) = 7*i**3 + 2*i**2 - 6*i - 1. Let p be z(3). What is the highest common factor of 47 and p?
47
Let k(d) be the second derivative of 5*d**3/6 + d**2/2 + 3*d. Let c be k(1). Suppose 2*j - 22 = -c. What is the greatest common divisor of j and 12?
4
Suppose 2*m - 5*l = 130 - 35, 4*m - 160 = 4*l. Let w = m + -25. Let b be 1/(w/48)*15. Calculate the greatest common factor of 12 and b.
12
Let p(r) = r**3 + 4*r**2 - r - 7. Let u be p(-3). Let n be -2 + -12 - 1*-1. Let l = -8 - n. What is the highest common divisor of l and u?
5
Suppose 4*q + 66 = 2*g, 2*g - 3*q + q = 60. What is the greatest common divisor of g and 9?
9
Let s(d) = d**2 - 2*d - 18. Let k be s(8). Calculate the highest common divisor of 12 and k.
6
Let h(l) = l**3 + 6*l**2 + l + 6. Let n be h(-6). Suppose -w = -4*s + 37, n*s + 3*s - 33 = -w. What is the greatest common factor of 15 and s?
5
Let x be 6 - ((-1 - -1) + 1). Suppose o - x*c + 85 = -o, -2*c = o + 56. Let s = 30 - o. What is the highest common factor of 10 and s?
10
Suppose 524 = 4*c - 5*w + w, -2*c + 260 = -4*w. Calculate the highest common factor of c and 12.
12
Suppose 3*p = 3*z - 6, -3*p + 3 = -6. Suppose -2*v = -32 - 38. What is the highest common factor of v and z?
5
Let x(y) = y**3 + 10*y**2 + 6*y - 40. Let f be x(-8). Calculate the greatest common factor of f and 5.
5
Suppose 2 - 14 = -4*a. Suppose 61 - 13 = a*k. Calculate the greatest common factor of k and 64.
16
Let f = -39 - -46. Let a be ((-6)/(-2))/(6/56). Calculate the greatest common factor of a and f.
7
Suppose 2*v - 4*u = -2*v + 16, u + 6 = 2*v. Let z be (-2)/(4 + (-27)/6). Suppose -5*x + z = -16. Calculate the greatest common divisor of v and x.
2
Let x = -10 - -109. What is the greatest common divisor of x and 11?
11
Let k be (-6)/3 + -1 + 69. Let i(n) = n**2 - 3*n - 2. Let r be i(3). Let m be (10/15)/(r/(-18)). What is the highest common divisor of k and m?
6
Suppose 5*r + 0*r = 3*q - 22, -2*r = 5*q - 78. Let c be 6/8 + 386/8. Suppose v = -14 + c. What is the greatest common divisor of q and v?
7
Let z be 1 + -3 - (0 - 46). Let w(p) = p**3 - 9*p**2 - 12*p + 31. Let d be w(10). Calculate the greatest common divisor of z and d.
11
Suppose -10*n = 8*n - 36. Let u be (-1)/(0 + 1/(-3)). Calculate the highest common factor of u and n.
1
Let c = 211 - 79. What is the greatest common factor of 66 and c?
66
Let g be (2*21)/(-4 - -3 - -2). Let s = -14 + 20. Calculate the highest common divisor of g and s.
6
Suppose 7*j - 276 = 4*j. What is the highest common divisor of 23 and j?
23
Suppose -2*t - 1221 = -3*t. Suppose -5*b + 539 = -t. Suppose b = d + 3*d. What is the greatest common divisor of d and 8?
8
Let o(g) = g**2 - g - 3. Let n be o(0). Let w be (-11 + 2)*10/n. Let z = w + -2. What is the highest common divisor of 7 and z?
7
Let v be 633/15 + (-2)/10. What is the greatest common factor of v and 63?
21
Let q be 1/4*2 - (-7939)/34. What is the greatest common factor of q and 26?
26
Suppose l = -j + 1 - 5, -5*l = 2*j + 8. Suppose -2 = -c, 0 = 2*o - 2*c - 2*c - 2. Suppose l = -u - 1 + o. Calculate the highest common factor of u and 12.
4
Suppose -4*h = 3*o - 74, -8*o + 2*h + 84 = -4*o. Let n be (-44)/(-6)*(2 + 1). Calculate the greatest common factor of o and n.
22
Suppose -7*j = -2*j - 110. Let g be j/4*(5 - 1). What is the greatest common divisor of 66 and g?
22
Let j(q) = q**3 + 16*q**2 - 2*q + 38. Let k be j(-16). Calculate the greatest common divisor of 56 and k.
14
Let q be (-6)/(-4)*(-28)/(-6). Suppose -2*s + q = 3*w, -3*s + 5*w + 15 = -s. What is the greatest common divisor of 30 and s?
5
Suppose 0 = 2*y + 5*c - 49, 0*c - 2*c + 122 = 4*y. Calculate the highest co